t + 2 = 2*l. What is the remainder when (-3 - (l + -2)) + 17 is divided by 8?
7
Suppose -2*m - 3*q + 2 + 8 = 0, -q + 6 = 2*m. Suppose -m*k - 6 = k, -3*p + k + 8 = 0. Calculate the remainder when 6 is divided by p.
0
Let r(h) = -h**3 + h**2 + 7*h + 9. Let q be r(-6). Let i = q - 150. What is the remainder when i is divided by 18?
15
Let y = -3 + 6. Let w = 16 + -16. Suppose 3*p + 2*o - 14 = 0, o + 29 = 3*p - w*o. Calculate the remainder when p is divided by y.
2
Let x = 75 + -19. What is the remainder when x is divided by 29?
27
Let k(w) = -w**3 + 5*w**2 - 3*w - 1. Let v be k(4). Let f(g) = g**3 - 3*g**2 + 4. Calculate the remainder when 9 is divided by f(v).
1
Let a = -3 - -9. What is the remainder when 10 is divided by a?
4
Suppose 0 = -5*g - 4*q + 59, -2*q = 2*g - 3*q - 21. What is the remainder when 31 is divided by g?
9
Let s(u) = -u - 5. Let m = -20 + 12. Let a be s(m). Suppose -17 = -a*g + 2*g. Calculate the remainder when 49 is divided by g.
15
Let q(a) be the first derivative of 2*a**3/3 - 2*a**2 + 4*a - 1. Calculate the remainder when 38 is divided by q(3).
8
Let k = 21 + -16. Calculate the remainder when 63 is divided by k.
3
What is the remainder when 20 + 0/(-2) + 0/7 is divided by 7?
6
What is the remainder when (-2)/(-7) + 183/21 is divided by 6?
3
Let z = 47 + -79. Let m = z + 48. Calculate the remainder when 77 is divided by m.
13
Let l be (-20)/6*3/(-2). Let y(f) = f**3 - 3*f**2 - 8*f + 6. Let b be y(l). Suppose 5*v = v + b. What is the remainder when 10 is divided by v?
2
Suppose -4*a - 7 = -15. Suppose a*s + 2*s = 64. What is the remainder when 29 is divided by s?
13
Let k(w) = -w**3 - 6*w**2 - 3*w - 2. Let r be (174/10)/(1/5). What is the remainder when 0 + 1/(3/r) is divided by k(-6)?
13
Let c = -37 - -73. What is the remainder when 104 is divided by c?
32
Suppose -4*v = -0*q + 5*q - 104, -4*v = -q + 16. What is the remainder when 75 is divided by q?
15
Suppose -4*j = -4*l - 200, -l + 3*j = j + 55. Let h = l - -89. What is the remainder when (h/(-12))/((-1)/3) is divided by 6?
5
Suppose 0*p = 2*q - 2*p - 86, -28 = -q - 2*p. Calculate the remainder when 110 is divided by q.
34
Let r = 38 + -33. Calculate the remainder when 14 is divided by r.
4
Suppose -j = -6*j - 10. Let h be 2/(-2) + 5 + j. Suppose -4*w + 12 = -h*w. What is the remainder when 10 is divided by w?
4
Let q(g) = -g**2 + g + 3. Let r be 0/((-4)/2) + 0. Let h be q(r). Let m(z) = z**3 - z**2 + 2*z + 3. Calculate the remainder when m(h) is divided by 14.
13
Let p(o) = -o**2 - 21*o - 70. Calculate the remainder when p(-15) is divided by 13.
7
Suppose 13*i = 8*i + 95. Suppose -9 = -2*z + s + 4*s, 4 = z - 3*s. Calculate the remainder when i is divided by z.
5
Suppose -3*i = -4*o - 254, -3*o + 141 = -0*i + 2*i. Suppose 17 - 97 = -4*m. What is the remainder when i is divided by m?
18
Suppose -5*v - k = -40, -2*k + 5*k = 0. Let c(d) = -d**2 + 5*d + 7. Let g be c(7). Let p(r) = r**2 + 3*r - 5. What is the remainder when p(g) is divided by v?
7
What is the remainder when (-4)/6*(-1305)/10 is divided by 22?
21
Suppose 0 = 3*v - 9*v + 54. What is the remainder when 44 is divided by v?
8
Suppose u + 2*j = 6*u - 9, 4*u = 4*j. Suppose -x + u = 1. Calculate the remainder when x is divided by 2.
0
Let l = -7 - -11. Suppose -2*q + 12 = q. Suppose -5*r - q*m = -9*m - 95, l*r + 5*m = 31. What is the remainder when r is divided by 5?
4
Let t(s) = -3*s - 13. Calculate the remainder when 22 is divided by t(-6).
2
Let z = 16 - 5. Let o = 41 - -1. What is the remainder when o is divided by z?
9
Let p(l) = -l**3 - 12*l**2 - 12*l - 2. What is the remainder when 44 is divided by p(-11)?
8
Let d(z) = -z**3 + 7*z**2 - 3*z - 4. Let u = 42 - 30. Suppose 0*v + u = 2*v. Calculate the remainder when 41 is divided by d(v).
13
Suppose 0 = -2*y + 2, -3*k + 229 = -2*y + 3. What is the remainder when k is divided by 26?
24
Calculate the remainder when 61 is divided by 2/8*42*2.
19
Let v = -4 + 35. Suppose -6*q = -q - 10. Suppose 6*p = q*p + 44. What is the remainder when v is divided by p?
9
Suppose 179 - 344 = -11*v. Suppose -4*p = z + 55 - 404, 0 = -2*p + z + 179. Calculate the remainder when p is divided by v.
13
Suppose 5*w + 3*r - 52 = 0, 4*w - 57 = -w + 2*r. What is the remainder when 27 is divided by w?
5
Let u = 4 - -24. Calculate the remainder when 18 is divided by u/3 - (-2)/3.
8
Suppose -3*p = 5*p - 72. Let y = 9 + 3. Let n = -6 + y. Calculate the remainder when p is divided by n.
3
Let h = 68 + -48. Let q(g) = -1 - 14*g + 0*g - 6*g. What is the remainder when q(-3) is divided by h?
19
Let n(g) = 5*g**2 - g + 1. What is the remainder when 17 is divided by n(1)?
2
Suppose -3*j + 273 - 88 = -4*o, j + 3*o = 66. What is the remainder when j is divided by 16?
15
Let v(f) = 2*f**3 + f**2 - 2*f - 1. Let k = 4 + -2. Calculate the remainder when 58 is divided by v(k).
13
Let a = 43 + -17. Suppose 2*t = -3*s + 3*t + 28, t + 1 = 0. Calculate the remainder when a is divided by s.
8
Suppose 4*q - 5*l = -31 - 9, 2*l = -2*q - 38. Let f(a) = -4*a + 6. Let i be f(-6). Let k = q + i. What is the remainder when k is divided by 8?
7
Suppose p = -3*b + 6, 2 + 4 = -b - 3*p. Let a(v) = v**3 + 2. Calculate the remainder when a(0) is divided by (-9)/b*(-4)/6.
0
Let u = 4 - 1. Suppose 0 = 2*f - u*f + 7. Suppose -3*y - 76 = -3*b - b, 4*b - 76 = -y. Calculate the remainder when b is divided by f.
5
Let v(f) = f**3 + 2*f + 2. Let b be v(3). Let q = -22 + b. Suppose 3*j - 100 = -q. Calculate the remainder when j is divided by 15.
14
Suppose -12 = -2*j - 2*u, 2*j + 5*u = 5*j + 6. Let p(s) = 12*s**2 - s. Calculate the remainder when p(-1) is divided by j.
1
Let b = 49 - 29. Let p be (18/(-1)*5)/(-1). Suppose -h + 58 = 2*j, -5*h + p = -j - 200. What is the remainder when h is divided by b?
18
Suppose -k + 2*k - 4*l = 4, -k + 3*l = -7. Calculate the remainder when 59 is divided by k.
11
Let t(n) be the third derivative of -n**4/8 + n**3/3 - 6*n**2. Calculate the remainder when 39 is divided by t(-4).
11
Let k = -1 - -10. Let l = -4 + k. What is the remainder when 9 is divided by l?
4
Suppose -56 = -a - 3*a. Let i = 6 + -2. Calculate the remainder when a is divided by i.
2
Let w(y) = -y**3 - 4*y**2 + 3*y - 12. Let g be w(-5). Let u(k) = -3*k + 1. What is the remainder when 13 is divided by u(g)?
6
Suppose 0 = 2*m - 5*h + 26, 4*m + m + 2*h = -7. Let a = 1 + m. Calculate the remainder when 11 is divided by 2/(36/(-21) - a).
4
Let j = 14 - -15. What is the remainder when j is divided by 15?
14
Let h be (-3)/(6/(-4)) - -12. Suppose 3*u = u - h. Let j = u + 11. What is the remainder when 7 is divided by j?
3
Let o(j) be the third derivative of j**5/60 + j**4/12 + 2*j**3/3 - 6*j**2. What is the remainder when o(7) is divided by 17?
16
Let a be ((-15)/9)/((-1)/3). Let c be (42/35)/((-2)/a). What is the remainder when (-13 - (c - 0))*-1 is divided by 4?
2
What is the remainder when (-2 - -2) + 58*(-3)/(-6) is divided by 16?
13
Suppose -4*h + 240 + 84 = 0. Calculate the remainder when h is divided by 28.
25
Let o be (4/6)/((-2)/21). What is the remainder when 20 is divided by 4/o + 106/14?
6
Let c(i) = 15*i**3 - i**2 + i - 1. Suppose 0 = -z + 4 - 3. Calculate the remainder when (-6)/(11/(-9) + 1) is divided by c(z).
13
What is the remainder when (-4 + 5)/((-2)/(-18)) is divided by 4?
1
Suppose -221 = -4*s + 343. What is the remainder when s is divided by 21?
15
Calculate the remainder when 4/(-26) + (-11888)/(-208) is divided by 10.
7
Let q = -18 + 27. Let o(a) = a**3 - 5*a**2 - 2*a - 3. Let g be o(5). Let k(i) = i + 18. What is the remainder when q is divided by k(g)?
4
Let g = 1 + 3. What is the remainder when 14 is divided by g?
2
Suppose 0 = 3*b - 0*b. Suppose 0 = -5*s + 4*h + 37, s + b = 4*h + 17. Calculate the remainder when 9 is divided by s.
4
Let m = -95 + 138. What is the remainder when m is divided by 23?
20
Let g = -2 - -2. Suppose 3*w + 4*f - 37 = g, -3*f - 8 = -2. Let a = w - 7. Calculate the remainder when a is divided by 3.
2
Suppose -4*l = -20, 0 = 2*t - l + 2*l - 17. Suppose -2*b - 2 = b + 4*a, 14 = 2*b - 5*a. Suppose -h = -b - 2. What is the remainder when t is divided by h?
2
Let a = 3 - 1. Let r(b) = -b**2 + 6*b + 8. Let w be r(6). Suppose -h = -a*h + w. What is the remainder when h is divided by 5?
3
Let a